{"id":91,"date":"2018-06-12T20:00:50","date_gmt":"2018-06-12T20:00:50","guid":{"rendered":"http:\/\/sibyllebayda.de\/?page_id=91"},"modified":"2018-07-08T09:50:25","modified_gmt":"2018-07-08T09:50:25","slug":"kontakt","status":"publish","type":"page","link":"https:\/\/sibyllebayda.de\/?page_id=91","title":{"rendered":"Kontakt"},"content":{"rendered":"<p>Sibylle Bayda<br \/>\nIm Rindfleischgrund\u00a0 27<br \/>\n77654 Offenburg<\/p>\n<p>Tel.: 0781\/25080320<br \/>\ninfo@sibyllebayda.de<\/p>\n<p>Falls ich mit einem meiner Angebote ihr Interesse geweckt habe, freue ich mich sehr \u00fcber eine Kontaktaufnahme. F\u00fcr Fragen stehe ich selbstverst\u00e4ndlich gerne zur Verf\u00fcgung.<\/p>\n","protected":false},"excerpt":{"rendered":"<p>Sibylle Bayda Im Rindfleischgrund\u00a0 27 77654 Offenburg Tel.: 0781\/25080320 info@sibyllebayda.de Falls ich mit einem meiner Angebote ihr Interesse geweckt habe, freue ich mich sehr \u00fcber eine Kontaktaufnahme. F\u00fcr Fragen stehe ich selbstverst\u00e4ndlich gerne zur Verf\u00fcgung.<\/p>\n","protected":false},"author":2,"featured_media":0,"parent":0,"menu_order":0,"comment_status":"closed","ping_status":"closed","template":"","meta":[],"_links":{"self":[{"href":"https:\/\/sibyllebayda.de\/index.php?rest_route=\/wp\/v2\/pages\/91"}],"collection":[{"href":"https:\/\/sibyllebayda.de\/index.php?rest_route=\/wp\/v2\/pages"}],"about":[{"href":"https:\/\/sibyllebayda.de\/index.php?rest_route=\/wp\/v2\/types\/page"}],"author":[{"embeddable":true,"href":"https:\/\/sibyllebayda.de\/index.php?rest_route=\/wp\/v2\/users\/2"}],"replies":[{"embeddable":true,"href":"https:\/\/sibyllebayda.de\/index.php?rest_route=%2Fwp%2Fv2%2Fcomments&post=91"}],"version-history":[{"count":4,"href":"https:\/\/sibyllebayda.de\/index.php?rest_route=\/wp\/v2\/pages\/91\/revisions"}],"predecessor-version":[{"id":219,"href":"https:\/\/sibyllebayda.de\/index.php?rest_route=\/wp\/v2\/pages\/91\/revisions\/219"}],"wp:attachment":[{"href":"https:\/\/sibyllebayda.de\/index.php?rest_route=%2Fwp%2Fv2%2Fmedia&parent=91"}],"curies":[{"name":"wp","href":"https:\/\/api.w.org\/{rel}","templated":true}]}}