{"id":66,"date":"2018-06-12T18:21:54","date_gmt":"2018-06-12T18:21:54","guid":{"rendered":"http:\/\/sibyllebayda.de\/?page_id=66"},"modified":"2018-06-12T18:23:31","modified_gmt":"2018-06-12T18:23:31","slug":"thetahealing","status":"publish","type":"page","link":"https:\/\/sibyllebayda.de\/?page_id=66","title":{"rendered":"ThetaHealing\u00ae"},"content":{"rendered":"<p>ThetaHealing\u00ae\u00a0 nach Vianna Stibal<\/p>\n<p>Das von Vianna Stibal 1995 begr\u00fcndete ThetaHealing\u00ae ist eine in h\u00f6chstem Mass wirksame energetische Heilmethode, die Erkenntnisse aus der Quantenphysik mit dem Heilwissen etlicher alter Kulturen verbindet. Im Theta-Zustand des Gehirns (im EEG bei tiefer Entspannung und Hypnose sichtbare Gehirnwellenkurve) wird Kontakt zum Sch\u00f6pfer von allem was ist aufgenommen. Mit ThetaHealing\u00ae kann umfassende Heilung stattfinden auf k\u00f6rperlicher, seelischer und spiritueller Ebene. Konkret werden ThetaHealing\u00ae-Sitzungen durchgef\u00fchrt zur Harmonisierung von Beziehungen, zum Aufl\u00f6sen von \u00c4rger, Groll und \u00c4ngsten, zum Umwandeln negativer Glaubenss\u00e4tze, zur Aktivierung der Selbstheilungskr\u00e4fte, zum Aufl\u00f6sen von Schocks und Traumata, allgemein zur Entwicklung der Pers\u00f6nlichkeit und zum Erreichen von lange ersehnten W\u00fcnschen und Zielen, bei Stress, Depressionen, Burn-out, bei Problemen das Gewicht betreffend.<\/p>\n<p>ThetaHealing\u00ae ist kein Ersatz f\u00fcr herk\u00f6mmliche Medizin, sondern als Erg\u00e4nzung zu sehen. Bei einer ThetaHealing\u00ae-Sitzung suchen wir gemeinsam nach den dem genannten Problem zugrundeliegenden Glaubenss\u00e4tzen. Diese werden transformiert und durch positive ersetzt.<\/p>\n","protected":false},"excerpt":{"rendered":"<p>ThetaHealing\u00ae\u00a0 nach Vianna Stibal Das von Vianna Stibal 1995 begr\u00fcndete ThetaHealing\u00ae ist eine in h\u00f6chstem Mass wirksame energetische Heilmethode, die Erkenntnisse aus der Quantenphysik mit dem Heilwissen etlicher alter Kulturen verbindet. Im Theta-Zustand des Gehirns (im EEG bei tiefer Entspannung und Hypnose sichtbare Gehirnwellenkurve) wird Kontakt zum Sch\u00f6pfer von allem was ist aufgenommen. Mit ThetaHealing\u00ae [&hellip;]<\/p>\n","protected":false},"author":1,"featured_media":0,"parent":0,"menu_order":0,"comment_status":"closed","ping_status":"closed","template":"","meta":[],"_links":{"self":[{"href":"https:\/\/sibyllebayda.de\/index.php?rest_route=\/wp\/v2\/pages\/66"}],"collection":[{"href":"https:\/\/sibyllebayda.de\/index.php?rest_route=\/wp\/v2\/pages"}],"about":[{"href":"https:\/\/sibyllebayda.de\/index.php?rest_route=\/wp\/v2\/types\/page"}],"author":[{"embeddable":true,"href":"https:\/\/sibyllebayda.de\/index.php?rest_route=\/wp\/v2\/users\/1"}],"replies":[{"embeddable":true,"href":"https:\/\/sibyllebayda.de\/index.php?rest_route=%2Fwp%2Fv2%2Fcomments&post=66"}],"version-history":[{"count":2,"href":"https:\/\/sibyllebayda.de\/index.php?rest_route=\/wp\/v2\/pages\/66\/revisions"}],"predecessor-version":[{"id":69,"href":"https:\/\/sibyllebayda.de\/index.php?rest_route=\/wp\/v2\/pages\/66\/revisions\/69"}],"wp:attachment":[{"href":"https:\/\/sibyllebayda.de\/index.php?rest_route=%2Fwp%2Fv2%2Fmedia&parent=66"}],"curies":[{"name":"wp","href":"https:\/\/api.w.org\/{rel}","templated":true}]}}